osite number?
False
Is 27073 a prime number?
True
Is 58381 a composite number?
True
Is 2503 prime?
True
Is 22723 a prime number?
False
Is 202043 a composite number?
True
Is 9547 composite?
False
Is 7745 composite?
True
Is 219273 prime?
False
Is 1423589 composite?
False
Is 10555 a prime number?
False
Is 286106 a composite number?
True
Is 1454 composite?
True
Is 2743 a prime number?
False
Is 40243 a composite number?
True
Is 8887 a prime number?
True
Is 13603 a composite number?
True
Is 49783 prime?
True
Is 36037 composite?
False
Is 484339 a composite number?
False
Is 271037 composite?
True
Is 75239 a composite number?
False
Is 21767 a composite number?
False
Is 14857 prime?
False
Is 213119 a prime number?
True
Is 1711 a prime number?
False
Is 3227 a prime number?
False
Is 7985 prime?
False
Is 17291 a composite number?
False
Is 1009891 a prime number?
False
Is 1651 composite?
True
Is 161323 a composite number?
False
Is 42533 a composite number?
False
Is 397117 a prime number?
False
Is 200693 a prime number?
False
Is 94099 prime?
True
Is 252667 prime?
True
Is 5923 a composite number?
False
Is 2371 prime?
True
Is 119261 a composite number?
True
Is 1014889 a prime number?
True
Is 3027 a composite number?
True
Is 1168517 a composite number?
True
Is 5077 a prime number?
True
Is 8171 composite?
False
Is 1703113 composite?
False
Is 31511 a prime number?
True
Is 292909 prime?
True
Is 4813 a prime number?
True
Is 111 a prime number?
False
Is 153991 a prime number?
True
Is 824339 a composite number?
False
Is 9221 a prime number?
True
Is 1958065 a prime number?
False
Is 3647 a prime number?
False
Is 9613 composite?
False
Is 74371 a composite number?
True
Is 1629937 a composite number?
False
Is 2777 composite?
False
Is 24439 a composite number?
False
Is 7799 composite?
True
Is 7717 a prime number?
True
Is 540805 prime?
False
Is 5129 a composite number?
True
Is 158853 composite?
True
Is 201793 composite?
True
Is 177739 composite?
False
Is 3353 a prime number?
False
Is 9509 composite?
True
Is 201031 a prime number?
True
Is 1102201 prime?
True
Is 715413 prime?
False
Is 18859 composite?
False
Is 4083 composite?
True
Is 15419 prime?
False
Is 2685601 prime?
True
Is 1742249 composite?
False
Is 7151 composite?
False
Is 986621 composite?
True
Is 2462 composite?
True
Is 680073 composite?
True
Is 276277 composite?
False
Is 829289 composite?
False
Is 63451 a prime number?
False
Is 1481 a prime number?
True
Is 55327 prime?
False
Is 659271 composite?
True
Is 1597 prime?
True
Is 15371 composite?
True
Is 43117 composite?
False
Is 1045963 prime?
True
Is 33279 composite?
True
Is 7121 a prime number?
True
Is 4733 a prime number?
True
Is 880895 composite?
True
Is 17849 composite?
True
Is 13259 composite?
False
Is 1874 composite?
True
Is 163169 a composite number?
False
Is 46381 a composite number?
False
Is 7534 composite?
True
Is 17965 a composite number?
True
Is 137909 a composite number?
False
Is 4213967 composite?
True
Is 2731973 a prime number?
False
Is 9239 prime?
True
Is 1186807 composite?
False
Is 16621 prime?
False
Is 65315 a prime number?
False
Is 74915 a composite number?
True
Is 5374 prime?
False
Is 10315 prime?
False
Is 9671 a composite number?
True
Is 15511 composite?
False
Is 21283 a composite number?
False
Is 325199 a composite number?
True
Is 179479 a prime number?
True
Is 6623 composite?
True
Is 28327 a composite number?
True
Is 16349 a prime number?
True
Is 510355 prime?
False
Is 1731 a composite number?
True
Is 125183 a composite number?
False
Is 63083 a composite number?
True
Is 3442 a prime number?
False
Is 28357 prime?
False
Is 1446331 prime?
False
Is 261538 prime?
False
Is 5497 prime?
False
Is 12401 prime?
True
Is 8705 a prime number?
False
Is 1966381 prime?
True
Is 456923 a prime number?
True
Is 1022291 prime?
True
Is 73847 prime?
True
Is 9298 a composite number?
True
Is 1023127 prime?
False
Is 39497 a composite number?
True
Is 60131 composite?
True
Is 134669 composite?
False
Is 777419 prime?
True
Is 78839 a composite number?
False
Is 5623 composite?
False
Is 329701 prime?
False
Is 1641 composite?
True
Is 17539 prime?
True
Is 2008519 composite?
True
Is 218579 a composite number?
False
Is 7463 composite?
True
Is 16945 a composite number?
True
Is 14143 a composite number?
False
Is 3847 composite?
False
Is 14173 a prime number?
True
Is 459209 a prime number?
True
Is 388211 a prime number?
True
Is 34898 prime?
False
Is 63241 a composite number?
False
Is 41917 prime?
False
Is 10493 prime?
False
Is 95246 prime?
False
Is 50117 composite?
True
Is 2892013 composite?
False
Is 11597 a composite number?
False
Is 332437 a composite number?
True
Is 1131799 a composite number?
False
Is 26674 composite?
True
Is 565637 a prime number?
True
Is 52639 a composite number?
False
Is 150779 a prime number?
True
Is 105299 prime?
False
Is 7151 a prime number?
True
Is 193853 a composite number?
True
Is 28669 a composite number?
False
Is 29501 prime?
True
Is 54357 composite?
True
Is 833537 a composite number?
False
Is 929 prime?
True
Is 1777 a composite number?
False
Is 66961 a prime number?
False
Is 1343 a composite number?
True
Is 3593 a prime number?
True
Is 1727 composite?
True
Is 132137 a composite number?
False
Is 2627 prime?
False
Is 226951 a composite number?
True
Is 5897 a composite number?
False
Is 492487 a composite number?
False
Is 14995 composite?
True
Is 246661 a composite number?
False
Is 1229809 a prime number?
False
Is 199505 a prime number?
False
Is 44683 a composite number?
False
Is 305137 composite?
True
Is 169402 prime?
False
Is 2400159 composite?
True
Is 163531 a prime number?
False
Is 42587 a prime number?
False
Is 875531 a prime number?
False
Is 102749 a prime number?
False
Is 9985 a composite number?
True
Is 8887 composite?
False
Is 132019 a composite number?
False
Is 30593 a prime number?
True
Is 182579 composite?
False
Is 4501 a prime number?
False
Is 1651 prime?
False
Is 99707 a prime number?
True
Is 243449 a prime number?
False
Is 332159 prime?
True
Is 985151 a composite number?
False
Is 15491 a prime number?
False
Is 11369 a prime number?
True
Is 796217 a prime number?
True
Is 2569 a prime number?
False
Is 4327 a composite number?
False
Is 655807 prime?
True
Is 218357 composite?
False
Is 28142 prime?
False
Is 5260579 composite?
True
Is 161719 composite?
True
Is 7552889 composite?
False
Is 2973 composite?
True
Is 75497 composite?
True
Is 12709 a composite number?
True
Is 89857 a composite number?
True
Is 1477 prime?
False
Is 16843 a composite number?
False
Is 4663 prime?
True
Is 35011 a composite number?
True
Is 397 a composite number?
False
Is 388405 a prime number?
False
Is 256697 a composite number?
True
Is 42031 prime?
False
Is 76907 prime?
True
Is 6143 prime?
True
Is 7069 composite?
False
Is 229459 prime?
True
Is 34769 a composite number?
True
Is 1754 a prime number?
False
Is 17707 a composite number?
False
Is 28117 prime?
False
Is 8285 composite?
True
Is 9643 a composite number?
False
Is 224585 a composite number?
True
Is 3982047 a prime number?
False
Is 31271 composite?
False
Is 9913 a prime number?
False
Is 30241 composite?
False
Is 719 a prime number?
True
Is 21467 a composite number?
False
Is 193243 a composite number?
False
Is 4679 a composite number?
False
Is 1233535 prime?
False
Is 2744111 a composite number?
False
Is 202651 composite?
True
Is 15338 composite?
True
Is 1240531 composite?
True
Is 151562 composite?
True
Is 493309 prime?
False
Is 362851 a composite number?
False
Is 213205 composite?
True
Is 34733 a composite number?
True
Is 2492251 prime?
False
Is 2645282 a prime number?
False
Is 10673 a prime number?
False
Is 665429 composite?
False
Is 6243 a prime number?
False
Is 794 composite?
True
Is 6753 a prime number?
False
Is 19373 prime?
True
Is 516779 a composite number?
True
Is 23277 a composite number?
True
Is 13093 composite?
False
Is 38813 composite?
True
Is 56051 a prime number?
False
Is 5091 a prime number?
False
Is 18973 composite?
False
Is 7291 composite?
True
Is 38011 prime?
True
Is 3949 composite?
True
Is 1937 composite?
True
Is 3641 a composite number?
True
Is 21877 a composite number?
True
Is 947931 a prime number?
False
Is 46459 a prime number?
False
Is 4721 a composite number?
False
Is 98162 prime?
False
Is 387431